 hundreds digit of 1323?
3
What is the tens digit of 3210?
1
What is the units digit of 6398?
8
What is the units digit of 29627?
7
What is the tens digit of 61258?
5
What is the tens digit of 45503?
0
What is the units digit of 1543?
3
What is the thousands digit of 15088?
5
What is the tens digit of 442?
4
What is the thousands digit of 25453?
5
What is the units digit of 5240?
0
What is the units digit of 33265?
5
What is the thousands digit of 21709?
1
What is the units digit of 2877?
7
What is the hundreds digit of 2888?
8
What is the units digit of 52122?
2
What is the hundreds digit of 996?
9
What is the units digit of 17296?
6
What is the ten thousands digit of 17297?
1
What is the thousands digit of 1121?
1
What is the units digit of 7884?
4
What is the hundreds digit of 82944?
9
What is the thousands digit of 2897?
2
What is the tens digit of 6309?
0
What is the thousands digit of 140640?
0
What is the units digit of 653?
3
What is the thousands digit of 12696?
2
What is the tens digit of 8192?
9
What is the units digit of 4414?
4
What is the hundreds digit of 218?
2
What is the tens digit of 16233?
3
What is the units digit of 1191?
1
What is the thousands digit of 102905?
2
What is the units digit of 178?
8
What is the hundreds digit of 12607?
6
What is the hundreds digit of 895?
8
What is the hundreds digit of 2093?
0
What is the units digit of 23708?
8
What is the units digit of 1429?
9
What is the units digit of 181?
1
What is the units digit of 11977?
7
What is the units digit of 884?
4
What is the thousands digit of 25837?
5
What is the ten thousands digit of 65771?
6
What is the units digit of 12014?
4
What is the ten thousands digit of 54660?
5
What is the tens digit of 2727?
2
What is the hundreds digit of 6173?
1
What is the units digit of 831?
1
What is the thousands digit of 2994?
2
What is the tens digit of 1872?
7
What is the tens digit of 6323?
2
What is the hundreds digit of 299?
2
What is the tens digit of 71720?
2
What is the tens digit of 623?
2
What is the thousands digit of 24079?
4
What is the thousands digit of 1442?
1
What is the hundreds digit of 381?
3
What is the tens digit of 107?
0
What is the thousands digit of 4076?
4
What is the tens digit of 586?
8
What is the units digit of 20893?
3
What is the thousands digit of 43761?
3
What is the units digit of 344?
4
What is the units digit of 2065?
5
What is the units digit of 21032?
2
What is the units digit of 123156?
6
What is the thousands digit of 47942?
7
What is the thousands digit of 3703?
3
What is the thousands digit of 2065?
2
What is the tens digit of 526?
2
What is the units digit of 63038?
8
What is the units digit of 1010?
0
What is the thousands digit of 45258?
5
What is the units digit of 13974?
4
What is the tens digit of 43055?
5
What is the tens digit of 23460?
6
What is the thousands digit of 29425?
9
What is the tens digit of 80?
8
What is the thousands digit of 135078?
5
What is the thousands digit of 27285?
7
What is the units digit of 329?
9
What is the thousands digit of 7472?
7
What is the hundreds digit of 3142?
1
What is the thousands digit of 1867?
1
What is the tens digit of 1251?
5
What is the units digit of 61?
1
What is the thousands digit of 1045?
1
What is the thousands digit of 1205?
1
What is the units digit of 3299?
9
What is the units digit of 20313?
3
What is the tens digit of 1334?
3
What is the hundreds digit of 461?
4
What is the units digit of 111?
1
What is the thousands digit of 5183?
5
What is the tens digit of 426?
2
What is the units digit of 10498?
8
What is the tens digit of 7003?
0
What is the units digit of 206897?
7
What is the hundreds digit of 205?
2
What is the tens digit of 24570?
7
What is the hundreds digit of 49039?
0
What is the tens digit of 6129?
2
What is the units digit of 71751?
1
What is the thousands digit of 4473?
4
What is the tens digit of 36594?
9
What is the units digit of 2182?
2
What is the thousands digit of 2020?
2
What is the hundreds digit of 2776?
7
What is the ten thousands digit of 31232?
3
What is the tens digit of 6672?
7
What is the tens digit of 848?
4
What is the thousands digit of 11782?
1
What is the tens digit of 37549?
4
What is the tens digit of 14923?
2
What is the tens digit of 3706?
0
What is the hundreds digit of 4638?
6
What is the tens digit of 9655?
5
What is the ten thousands digit of 10618?
1
What is the tens digit of 6876?
7
What is the ten thousands digit of 118571?
1
What is the units digit of 10450?
0
What is the tens digit of 1492?
9
What is the units digit of 3603?
3
What is the thousands digit of 2458?
2
What is the tens digit of 3861?
6
What is the units digit of 7793?
3
What is the tens digit of 1858?
5
What is the units digit of 4368?
8
What is the hundreds digit of 121636?
6
What is the tens digit of 4560?
6
What is the hundreds digit of 16707?
7
What is the units digit of 1376?
6
What is the hundreds digit of 4382?
3
What is the units digit of 232?
2
What is the units digit of 7416?
6
What is the hundreds digit of 734?
7
What is the tens digit of 34977?
7
What is the tens digit of 1332?
3
What is the hundreds digit of 1346?
3
What is the tens digit of 30050?
5
What is the thousands digit of 17776?
7
What is the ten thousands digit of 22187?
2
What is the hundreds digit of 3092?
0
What is the units digit of 317?
7
What is the tens digit of 90264?
6
What is the units digit of 829?
9
What is the units digit of 6736?
6
What is the units digit of 1002?
2
What is the ten thousands digit of 76791?
7
What is the tens digit of 3147?
4
What is the tens digit of 36729?
2
What is the tens digit of 4131?
3
What is the units digit of 23394?
4
What is the tens digit of 980?
8
What is the units digit of 20140?
0
What is the hundreds digit of 4629?
6
What is the units digit of 4225?
5
What is the tens digit of 2333?
3
What is the tens digit of 107681?
8
What is the units digit of 1258?
8
What is the tens digit of 43794?
9
What is the hundreds digit of 2528?
5
What is the tens digit of 7793?
9
What is the thousands digit of 80011?
0
What is the tens digit of 892?
9
What is the ten thousands digit of 43219?
4
What is the units digit of 1806?
6
What is the units digit of 1688?
8
What is the units digit of 30434?
4
What is the hundreds digit of 40300?
3
What is the hundreds digit of 3580?
5
What is the tens digit of 1228?
2
What is the tens digit of 3852?
5
What is the hundreds digit of 6440?
4
What is the tens digit of 1844?
4
What is the units digit of 17929?
9
What is the thousands digit of 93279?
3
What is the thousands digit of 3177?
3
What is the tens digit of 2072?
7
What is the units digit of 425?
5
What is the hundreds digit of 89037?
0
What is the units digit of 1326?
6
What is the tens digit of 14864?
6
What is the tens digit of 1420?
2
What is the tens digit of 715?
1
What is the tens digit of 3839?
3
What is the tens digit of 1063?
6
What is the units digit of 4880?
0
What is the tens digit of 47999?
9
What is the units digit of 34184?
4
What is the tens digit of 8723?
2
What is the tens digit of 5076?
7
What is the hundreds digit of 2296?
2
What is the tens digit of 1479?
7
What is the ten thousands digit of 10895?
1
What is the hundreds digit of 999?
9
What is the tens digit of 320?
2
What is the thousands digit of 42158?
2
What is the tens digit of 138?
3
What is the units digit of 15232?
2
What is the units digit of 5563?
3
What is the units digit of 19046?
6
What is the tens digit of 765?
6
What is the ten thousands digit of 63362?
6
What is the units digit of 57186?
6
What is the tens digit of 14466?
6
What is the thousands digit of 97354?
7
What is the hundreds digit of 9767?
7
What is the ten thousands digit of 47168?
4
What is the units digit of 102?
2
What is the thousands digit of 3422?
3
What is the tens digit of 9848?
4
What is the thousands digit of 42208?
2
What is the tens digit of 13354?
5
What is the thousands digit of 91202?
1
What is the units digit of 796?
6
What is the tens digit of 1664?
6
What is the tens digit of 24923?
2
What is the tens digit of 584?
8
What is the units digit of 955?
5
What is the tens digit of 72158?
5
What is the thousands digit of 17815?
7
What is the tens digit of 122561?
6
What is the units digit of 13